{"id":326,"date":"2023-06-28T21:10:36","date_gmt":"2023-06-28T21:10:36","guid":{"rendered":"https:\/\/ukrainskklubroskilde.dk\/?page_id=326"},"modified":"2023-07-04T20:01:44","modified_gmt":"2023-07-04T20:01:44","slug":"begivenheder","status":"publish","type":"page","link":"https:\/\/ukrainskklubroskilde.dk\/?page_id=326","title":{"rendered":"Begivenheder"},"content":{"rendered":"\n<p>Ukrainsk klub i Roskilde arrangere forskellige begivenheder af forskellige \u00e5rsager. Disse begivenheder er ikke kun en kilde til underholdning, men de spiller ogs\u00e5 en vigtig rolle i at fremme kulturudveksling, styrke f\u00e6llesskabet og \u00f8ge bevidstheden om den ukrainske kultur og traditioner. <strong>Her er nogle grunde til, hvorfor vi laver forskellige begivenheder:<\/strong><\/p>\n\n\n\n<ol class=\"wp-block-list\">\n<li><strong>Kulturudveksling:<\/strong> Begivenhederne giver en unik mulighed for at dele den ukrainske kultur med det lokale samfund. Ved at arrangere traditionelle ukrainske danseshows, musikoptr\u00e6dener, madfestivaler eller kunstudstillinger kan vi som klub pr\u00e6sentere forskellige aspekter af den ukrainske kultur og skabe en bro mellem forskellige samfund og mennesker.<\/li>\n\n\n\n<li><strong>F\u00e6llesskabsopbygning:<\/strong> Begivenhederne fungerer som en platform for at bringe mennesker sammen og styrke f\u00e6llesskabet. Ved at tilbyde sjove og engagerende begivenheder som familiedage, sportsbegivenheder eller sociale sammenkomster kan vi fremme samh\u00f8righed og gensidig st\u00f8tte blandt medlemmerne og det bredere samfund.<\/li>\n\n\n\n<li><strong>Bevarelse af identitet:<\/strong> Ved at arrangere begivenheder er vi med til at bevare den ukrainske identitet blandt medlemmerne og kommende generationer. Det giver mulighed for at fejre ukrainske helligdage, traditioner og skikke, der er vigtige for at opretholde og bevare den kulturelle arv.<\/li>\n\n\n\n<li><strong>Netv\u00e6rksmuligheder: <\/strong>Begivenhederne giver ogs\u00e5 medlemmerne mulighed for at opbygge netv\u00e6rk og skabe forbindelser med ligesindede. Det kan f\u00f8re til nye venskaber, faglige kontakter og muligheder for samarbejde. <\/li>\n\n\n\n<li><strong>Uddannelse og oplysning: <\/strong>Begivenhederne har ogs\u00e5 et uddannelsesm\u00e6ssigt og oplysende form\u00e5l. Vi organisere workshops, foredrag eller seminarer om emner som historie, sprog eller kunst for at \u00f8ge bevidstheden om Ukraine og bidrage til videndeling og interkulturel forst\u00e5else.<\/li>\n\n\n\n<li><strong>Fundraising: <\/strong>Vores begivenheder har ogs\u00e5 et fundraising-element, hvor vi s\u00f8ger for at indsamle midler til forskellige form\u00e5l. Det kan v\u00e6re for at st\u00f8tte velg\u00f8rende organisationer, hj\u00e6lpe ukrainske projekter eller bist\u00e5 i n\u00f8dsituationer. Begivenhederne fungerer som en kanal for folk til at bidrage til gode form\u00e5l og g\u00f8re en forskel. <\/li>\n<\/ol>\n\n\n\n<h3 class=\"wp-block-heading has-text-align-center\">For hvert \u00e5r holder vi en masse sp\u00e6ndende og kulturelle begivenheder. <\/h3>\n\n\n\n<h4 class=\"wp-block-heading has-text-align-center\">Tryk p\u00e5 knappen for at l\u00e6se om dem.<\/h4>\n\n\n\n<div class=\"wp-block-buttons is-content-justification-center is-layout-flex wp-container-core-buttons-is-layout-16018d1d wp-block-buttons-is-layout-flex\">\n<div class=\"wp-block-button is-style-secondary\"><a class=\"wp-block-button__link wp-element-button\" href=\"https:\/\/ukrainskklubroskilde.dk\/?p=481\">2019<\/a><\/div>\n\n\n\n<div class=\"wp-block-button is-style-secondary\"><a class=\"wp-block-button__link wp-element-button\" href=\"https:\/\/ukrainskklubroskilde.dk\/?p=482\">2020<\/a><\/div>\n\n\n\n<div class=\"wp-block-button is-style-secondary\"><a class=\"wp-block-button__link wp-element-button\" href=\"https:\/\/ukrainskklubroskilde.dk\/?p=483\">2021<\/a><\/div>\n\n\n\n<div class=\"wp-block-button is-style-secondary\"><a class=\"wp-block-button__link wp-element-button\" href=\"https:\/\/ukrainskklubroskilde.dk\/?p=484\">2022<\/a><\/div>\n\n\n\n<div class=\"wp-block-button is-style-secondary\"><a class=\"wp-block-button__link has-text-align-center wp-element-button\" href=\"https:\/\/ukrainskklubroskilde.dk\/?p=485\">2023<\/a><\/div>\n<\/div>\n\n\n\n<figure class=\"wp-block-gallery has-nested-images columns-default is-cropped wp-block-gallery-1 is-layout-flex wp-block-gallery-is-layout-flex\">\n<figure class=\"wp-block-image size-large\"><img loading=\"lazy\" decoding=\"async\" width=\"1024\" height=\"768\" data-id=\"416\" src=\"https:\/\/ukrainskklubroskilde.dk\/wp-content\/uploads\/2023\/06\/341527071_1560730511091363_666008931947511936_n-1024x768.jpg\" alt=\"\" class=\"wp-image-416\" srcset=\"https:\/\/ukrainskklubroskilde.dk\/wp-content\/uploads\/2023\/06\/341527071_1560730511091363_666008931947511936_n-1024x768.jpg 1024w, https:\/\/ukrainskklubroskilde.dk\/wp-content\/uploads\/2023\/06\/341527071_1560730511091363_666008931947511936_n-300x225.jpg 300w, https:\/\/ukrainskklubroskilde.dk\/wp-content\/uploads\/2023\/06\/341527071_1560730511091363_666008931947511936_n-768x576.jpg 768w, https:\/\/ukrainskklubroskilde.dk\/wp-content\/uploads\/2023\/06\/341527071_1560730511091363_666008931947511936_n-1536x1152.jpg 1536w, https:\/\/ukrainskklubroskilde.dk\/wp-content\/uploads\/2023\/06\/341527071_1560730511091363_666008931947511936_n.jpg 2048w\" sizes=\"auto, (max-width: 1024px) 100vw, 1024px\" \/><\/figure>\n\n\n\n<figure class=\"wp-block-image size-large\"><img loading=\"lazy\" decoding=\"async\" width=\"1024\" height=\"768\" data-id=\"418\" src=\"https:\/\/ukrainskklubroskilde.dk\/wp-content\/uploads\/2023\/06\/341527070_787023022765611_1487880827727611516_n-1024x768.jpg\" alt=\"\" class=\"wp-image-418\" srcset=\"https:\/\/ukrainskklubroskilde.dk\/wp-content\/uploads\/2023\/06\/341527070_787023022765611_1487880827727611516_n-1024x768.jpg 1024w, https:\/\/ukrainskklubroskilde.dk\/wp-content\/uploads\/2023\/06\/341527070_787023022765611_1487880827727611516_n-300x225.jpg 300w, https:\/\/ukrainskklubroskilde.dk\/wp-content\/uploads\/2023\/06\/341527070_787023022765611_1487880827727611516_n-768x576.jpg 768w, https:\/\/ukrainskklubroskilde.dk\/wp-content\/uploads\/2023\/06\/341527070_787023022765611_1487880827727611516_n-1536x1152.jpg 1536w, https:\/\/ukrainskklubroskilde.dk\/wp-content\/uploads\/2023\/06\/341527070_787023022765611_1487880827727611516_n.jpg 2048w\" sizes=\"auto, (max-width: 1024px) 100vw, 1024px\" \/><\/figure>\n<\/figure>\n","protected":false},"excerpt":{"rendered":"<p>Ukrainsk klub i Roskilde arrangere forskellige begivenheder af forskellige \u00e5rsager. Disse begivenheder er ikke kun en kilde til underholdning, men de spiller ogs\u00e5 en vigtig rolle i at fremme kulturudveksling, styrke f\u00e6llesskabet og \u00f8ge bevidstheden om den ukrainske kultur og traditioner. Her er nogle grunde til, hvorfor vi laver forskellige begivenheder: For hvert \u00e5r holder&hellip;&nbsp;<a href=\"https:\/\/ukrainskklubroskilde.dk\/?page_id=326\" class=\"\" rel=\"bookmark\">L\u00e6s mere &raquo;<span class=\"screen-reader-text\">Begivenheder<\/span><\/a><\/p>\n","protected":false},"author":1,"featured_media":0,"parent":0,"menu_order":0,"comment_status":"closed","ping_status":"closed","template":"","meta":{"neve_meta_sidebar":"","neve_meta_container":"","neve_meta_enable_content_width":"","neve_meta_content_width":0,"neve_meta_title_alignment":"","neve_meta_author_avatar":"","neve_post_elements_order":"","neve_meta_disable_header":"","neve_meta_disable_footer":"","neve_meta_disable_title":"","footnotes":""},"class_list":["post-326","page","type-page","status-publish","hentry"],"_links":{"self":[{"href":"https:\/\/ukrainskklubroskilde.dk\/index.php?rest_route=\/wp\/v2\/pages\/326","targetHints":{"allow":["GET"]}}],"collection":[{"href":"https:\/\/ukrainskklubroskilde.dk\/index.php?rest_route=\/wp\/v2\/pages"}],"about":[{"href":"https:\/\/ukrainskklubroskilde.dk\/index.php?rest_route=\/wp\/v2\/types\/page"}],"author":[{"embeddable":true,"href":"https:\/\/ukrainskklubroskilde.dk\/index.php?rest_route=\/wp\/v2\/users\/1"}],"replies":[{"embeddable":true,"href":"https:\/\/ukrainskklubroskilde.dk\/index.php?rest_route=%2Fwp%2Fv2%2Fcomments&post=326"}],"version-history":[{"count":7,"href":"https:\/\/ukrainskklubroskilde.dk\/index.php?rest_route=\/wp\/v2\/pages\/326\/revisions"}],"predecessor-version":[{"id":632,"href":"https:\/\/ukrainskklubroskilde.dk\/index.php?rest_route=\/wp\/v2\/pages\/326\/revisions\/632"}],"wp:attachment":[{"href":"https:\/\/ukrainskklubroskilde.dk\/index.php?rest_route=%2Fwp%2Fv2%2Fmedia&parent=326"}],"curies":[{"name":"wp","href":"https:\/\/api.w.org\/{rel}","templated":true}]}}